 3835.
65
Calculate the greatest common divisor of 28 and 24460.
4
Calculate the greatest common factor of 1404 and 910.
26
Calculate the highest common divisor of 372 and 534.
6
What is the greatest common factor of 125 and 3085?
5
What is the greatest common factor of 12 and 2755848?
12
What is the highest common factor of 17 and 12801?
17
What is the greatest common factor of 1718 and 316?
2
Calculate the highest common factor of 4220 and 45.
5
What is the highest common divisor of 104 and 48074?
26
What is the highest common divisor of 3757 and 478465?
221
What is the greatest common divisor of 59490 and 486?
18
What is the highest common divisor of 6135 and 645?
15
Calculate the greatest common factor of 420 and 1382010.
210
What is the greatest common divisor of 9 and 260619?
3
Calculate the greatest common factor of 833980 and 1150.
230
What is the greatest common divisor of 1330 and 171?
19
What is the highest common factor of 2628 and 1179?
9
What is the greatest common factor of 62689 and 88?
11
Calculate the highest common factor of 3423 and 182364.
21
What is the greatest common factor of 24 and 160536?
24
What is the greatest common divisor of 126564 and 3074?
106
What is the greatest common factor of 4473 and 1141893?
639
What is the greatest common factor of 319517 and 1705?
341
Calculate the highest common divisor of 616 and 5192.
88
What is the greatest common divisor of 1060 and 2279?
53
What is the highest common factor of 98 and 260218?
14
What is the highest common factor of 7275 and 765?
15
Calculate the highest common factor of 3 and 48819.
3
Calculate the highest common factor of 1572 and 64.
4
Calculate the greatest common factor of 26270 and 11840.
370
What is the highest common factor of 194 and 14014754?
194
Calculate the greatest common divisor of 752244 and 24.
12
What is the greatest common factor of 735 and 473865?
105
Calculate the greatest common divisor of 1800 and 145980.
180
What is the highest common factor of 483 and 3108?
21
What is the greatest common factor of 1081584 and 216?
72
What is the highest common factor of 68 and 1932866?
34
Calculate the greatest common divisor of 220010 and 3592.
898
What is the highest common divisor of 1316331 and 54?
27
What is the highest common divisor of 357 and 1423869?
51
What is the highest common factor of 86580 and 6?
6
What is the highest common factor of 624 and 24284208?
624
Calculate the highest common factor of 7763 and 70.
7
What is the highest common divisor of 962 and 7202?
26
What is the highest common divisor of 93922 and 24462?
302
What is the highest common divisor of 185 and 1206385?
185
Calculate the highest common factor of 8 and 2482.
2
Calculate the highest common factor of 270940 and 760.
380
What is the highest common factor of 5143 and 222?
37
Calculate the highest common factor of 11894 and 229742.
626
What is the greatest common factor of 824 and 1112?
8
Calculate the highest common divisor of 3228 and 18.
6
What is the highest common divisor of 24127 and 69?
23
What is the greatest common factor of 1441 and 52793?
131
Calculate the highest common divisor of 1240 and 119970.
310
Calculate the greatest common divisor of 173376 and 3984.
48
What is the highest common divisor of 1352 and 3756532?
676
Calculate the highest common divisor of 187 and 973420.
17
What is the highest common divisor of 63 and 35181?
9
What is the greatest common divisor of 68076 and 11163?
183
Calculate the greatest common factor of 138 and 11983.
23
What is the highest common divisor of 206 and 136681?
103
Calculate the greatest common factor of 765 and 1250.
5
What is the greatest common factor of 352 and 130658?
22
What is the greatest common factor of 276 and 43116?
12
What is the greatest common factor of 345 and 1430439?
69
Calculate the highest common factor of 306 and 940032.
306
What is the greatest common divisor of 70110 and 144?
18
Calculate the greatest common factor of 238076 and 636.
212
Calculate the greatest common divisor of 11922 and 192.
6
What is the greatest common divisor of 27 and 594351?
27
What is the greatest common factor of 71799 and 6825?
273
Calculate the greatest common factor of 332554 and 102.
34
What is the greatest common divisor of 4185 and 2415?
15
What is the greatest common divisor of 13289 and 685?
137
What is the highest common divisor of 6929085 and 1713?
1713
Calculate the highest common factor of 17850 and 4400.
50
Calculate the highest common factor of 1488 and 432.
48
Calculate the highest common factor of 666 and 167166.
666
Calculate the highest common factor of 80180 and 1615.
95
Calculate the highest common factor of 181071 and 4059.
99
What is the greatest common divisor of 538551 and 936?
117
Calculate the highest common divisor of 1 and 432008.
1
Calculate the highest common divisor of 459886 and 428.
214
Calculate the highest common factor of 1903 and 1324.
1
What is the greatest common divisor of 46137 and 546?
273
What is the greatest common divisor of 94780 and 2020?
20
What is the greatest common divisor of 10684 and 8?
4
Calculate the greatest common divisor of 210 and 49870.
10
What is the highest common divisor of 21537 and 63?
9
Calculate the greatest common divisor of 21406 and 55.
11
What is the highest common factor of 7163 and 10621?
247
What is the greatest common factor of 9580 and 22513?
479
Calculate the greatest common factor of 40055 and 20.
5
Calculate the highest common divisor of 910 and 208355.
35
Calculate the highest common divisor of 6612 and 255132.
228
What is the greatest common factor of 4130 and 15610?
70
What is the highest common factor of 181401 and 129030?
759
What is the highest common divisor of 570 and 14440?
190
Calculate the highest common factor of 1519 and 8339.
31
What is the greatest common factor of 1053 and 3445?
13
Calculate the highest common divisor of 34868 and 92.
92
Calculate the highest common factor of 66 and 21036.
6
What is the highest common divisor of 136 and 42364?
68
What is the highest common factor of 70 and 501914?
14
Calculate the greatest common divisor of 384858 and 36.
18
What is the greatest common factor of 8433 and 936?
9
What is the highest common divisor of 135 and 1000215?
135
Calculate the highest common divisor of 84 and 2028.
12
What is the highest common divisor of 92 and 38387?
23
Calculate the highest common factor of 178736 and 1328.
16
Calculate the highest common divisor of 2520 and 612.
36
What is the highest common divisor of 240 and 64005?
15
What is the greatest common factor of 735819 and 189?
21
Calculate the highest common factor of 64 and 161632.
32
Calculate the greatest common divisor of 612 and 12308.
68
What is the highest common factor of 33 and 11517?
33
Calculate the greatest common factor of 59431 and 103.
103
What is the highest common divisor of 18112 and 678068?
1132
What is the greatest common factor of 13480 and 3?
1
Calculate the highest common factor of 3239 and 20935.
79
Calculate the greatest common factor of 424 and 274328.
424
Calculate the highest common divisor of 266085 and 4380.
1095
Calculate the greatest common divisor of 48863 and 61545.
373
What is the greatest common divisor of 258 and 960706?
86
What is the highest common factor of 714 and 26922?
42
Calculate the highest common divisor of 73776 and 144.
48
Calculate the greatest common divisor of 280 and 479480.
40
Calculate the highest common divisor of 28 and 25046.
14
What is the greatest common factor of 69 and 321977?
23
Calculate the greatest common factor of 12 and 212172.
12
What is the greatest common factor of 8703 and 12?
3
Calculate the highest common divisor of 3916 and 6.
2
Calculate the highest common factor of 5610 and 521169.
561
Calculate the greatest common divisor of 60 and 930.
30
Calculate the highest common divisor of 190672 and 14416.
272
What is the highest common divisor of 176 and 4504?
8
Calculate the highest common divisor of 900 and 28575.
225
Calculate the highest common divisor of 9228960 and 261.
261
What is the highest common factor of 125052 and 68?
68
What is the greatest common factor of 273520 and 260?
260
What is the greatest common divisor of 321 and 22577?
107
Calculate the highest common divisor of 492